me factors of l(v)?
3
Suppose -25*p - 450 = -27*p. What are the prime factors of p?
3, 5
Suppose -a - 3*a + 5*m = -30, -5*m = 4*a - 10. What are the prime factors of a?
5
Suppose -10 = 5*d - 5*i, -5*d + 0*i + 8 = i. Let c(y) = 10*y**2 + 1. What are the prime factors of c(d)?
11
Let j(z) = z**2 - 5*z + 4. Let k = 15 - 9. Suppose d = k - 1. List the prime factors of j(d).
2
Let b(j) = 68*j**2 - 2*j - 1. What are the prime factors of b(-1)?
3, 23
Let j = -81 - -158. List the prime factors of j.
7, 11
Let g(r) be the second derivative of 0 + r - 1/12*r**4 + 1/3*r**3 + 1/20*r**5 + 1/2*r**2. What are the prime factors of g(2)?
3
Let q be (-5)/(-10) - 14/4. Let w = 0 - 3. List the prime factors of ((-11)/w)/((-1)/q).
11
Let k(g) = g**3 - 4*g**2 - 7*g + 3. Suppose b = 4 + 2. List the prime factors of k(b).
3, 11
Let q(g) be the third derivative of -3*g**6/40 + g**5/60 + g**4/24 + g**3/6 + g**2. List the prime factors of q(-1).
2, 5
Let p(s) = 31*s**2 + s. Let c be p(-1). Let h = c + -21. List the prime factors of h.
3
Let j be 120/(-4)*(-2)/2. Suppose -5*x + 58 = g, 0*x - 3*g = 3*x - j. List the prime factors of x.
2, 3
Let o = 119 + -24. What are the prime factors of o?
5, 19
Let y(n) be the second derivative of n**4/3 - 2*n**3/3 + 3*n**2/2 + 2*n. What are the prime factors of y(2)?
11
Suppose -1 + 5 = 2*q. Suppose q*o + 38 = 4*g, 4*g - 2*g - 9 = 3*o. What are the prime factors of g?
2, 3
Let z = -2 - -16. What are the prime factors of z?
2, 7
Let q = 54 + -30. What are the prime factors of q?
2, 3
Let s = -19 - 6. Let j = -18 - s. List the prime factors of j.
7
Let i(d) = 9*d**2 + 4*d - 2. Let q be i(3). Let m = -51 + q. Suppose -3*z + u = -41, -u - u - m = -3*z. List the prime factors of z.
2, 7
Let x = 87 - 42. List the prime factors of x.
3, 5
Let y be ((-8)/(-4) - 4) + 2. Suppose y*n - 40 = -n. What are the prime factors of n?
2, 5
Let i be (-88)/(-10)*15/2. Let f be i/(-14) - 2/7. List the prime factors of 10*((-9)/f + -1).
2
Let o be (-20)/5 - (-2)/1. What are the prime factors of o/3 - (-64)/6?
2, 5
Let t = -67 - -124. Let s = t + -41. List the prime factors of s.
2
Let d be (-24)/20*5/(-2). Suppose -d*k - 60 = -5*k. List the prime factors of (7/5 + -1)*k.
2, 3
Let v = -72 - -155. List the prime factors of v.
83
Let y be 1/2 - (-20)/8. Let x be -1 + 0 + 1 + y. Suppose -5*j - v = -57, j = -v - x + 12. What are the prime factors of j?
2, 3
Suppose -c + 4 + 7 = 0. What are the prime factors of c?
11
Let f(c) = c - 1. Let b be f(-3). Let y = b + 5. Let u(n) = 10*n**2 - n + 1. What are the prime factors of u(y)?
2, 5
Suppose 136*h - 143*h + 2030 = 0. What are the prime factors of h?
2, 5, 29
Suppose c = -4*f - 14, -3*c + 3*f = -2*f - 43. Let b(n) = -n**2 + c - 7*n**3 - 6. List the prime factors of b(-1).
2, 3
Let h(g) = g**3 - 8*g**2 - g + 6. Let m be h(8). Let y be (-93)/(-15) + m/10. Suppose -9 = y*r - 7*r. What are the prime factors of r?
3
Suppose 4*l - 3*l - 2 = 0. Let c be l - 1/2*-10. List the prime factors of (c/2)/(2/4).
7
List the prime factors of -2*4/(24/(-99)).
3, 11
Suppose 0 = -a + 4*a + 36. Let i be a - (-2 + 2/2). Let x = -5 - i. List the prime factors of x.
2, 3
Let u(m) = -m**3 + 5*m**2 + 4*m - 6. What are the prime factors of u(4)?
2, 13
Let c(i) = -i**2 + 5*i + 8. Let o be c(6). Suppose 4 - o = -2*d, 3*d = -g - 6. Let a(h) = -3*h - 3. List the prime factors of a(g).
2, 3
Let v = -14 + 36. What are the prime factors of v?
2, 11
List the prime factors of 38 + 6*2/6*-1.
2, 3
Suppose -48 = -h - 16. What are the prime factors of h?
2
Let a(k) = k**3 - k**2 - k + 6. Suppose -2*w - 1 = -h, -5*h = -0*h - 5. List the prime factors of a(w).
2, 3
Suppose -j = 2 - 10. List the prime factors of j.
2
Let s(g) be the first derivative of -g**2/2 - 2. Let z be s(-4). Suppose -z*t = t - 50. List the prime factors of t.
2, 5
Suppose 0 = 4*a + 2*t - 36, 0 = -0*a - a - t + 11. Let r(f) = -f + 10. Let s be r(a). What are the prime factors of (2/s)/(2/15)?
5
Suppose 2*c + 2 - 8 = 0. Let k be 8/28 + (-24)/(-14). Suppose -k*p - 5 = -4*v + c*v, -2*v - 5*p = -37. List the prime factors of v.
11
Let k(w) = 13*w + 2. List the prime factors of k(3).
41
Suppose -5*o = -4*d - 7, -d = -0*o + 2*o + 5. Let w = d - -10. List the prime factors of w.
7
Suppose -4*h + 3*b = 99, h - 3*h = -5*b + 53. What are the prime factors of 7/((-21)/h) - 3?
5
Suppose 0 = 4*j - 0*j + 12. Let z = 1 + j. Let p(m) = m**3 + 3*m**2. List the prime factors of p(z).
2
Let x(s) = -s**3 - 2*s**2 - 2*s + 1. Let l = 5 - 5. Suppose l = -o - 0*o - 3. What are the prime factors of x(o)?
2
Let r be (2 - (1 + -1)) + 4. Suppose r*v - 3*g = v + 111, 42 = 2*v - 2*g. List the prime factors of v.
2, 3
Let b be (1 - 2)/((-1)/17). Suppose 0 = 3*y + z + 19, -4*y + 2*z - 30 = -8. Let s = y + b. What are the prime factors of s?
11
Suppose 0*w - 5*w = -320. Suppose -2*b + w = 2*b. List the prime factors of b.
2
Suppose 9*v + 201 = 2613. What are the prime factors of v?
2, 67
Let h = 83 - 32. What are the prime factors of h?
3, 17
Suppose 3*r + r - 192 = 0. Suppose -5*q + r = 2*g, 5*q + 3*g = 31 + 21. List the prime factors of q.
2
Suppose -4*o + 156 - 424 = -5*u, 3*o - 233 = -4*u. What are the prime factors of u?
2, 7
Let f(d) = d**2 + 7*d - 5. Let l = -26 - -17. Let m be f(l). Suppose 2*p - 3*r = 25, p + 5*r - 6 = m. List the prime factors of p.
2, 7
Suppose 258 = 5*n + 2*j, n - 42 = -j + 3*j. List the prime factors of n.
2, 5
Let m = -174 - -291. List the prime factors of m.
3, 13
Let o(k) be the third derivative of k**4/12 - 4*k**3/3 - 4*k**2. Let l be (12/2)/(-2) + 11. List the prime factors of o(l).
2
Let w = 90 + -58. Let y = -17 + w. List the prime factors of y.
3, 5
Let o(p) = p**2 - 1. Let w be o(-2). Let r = 6 - w. Suppose -r*a = -9, u - 4 = a + 1. List the prime factors of u.
2
Let n(m) = m**2 + 12*m + 11. Let a be n(-8). What are the prime factors of (12/14)/((-3)/a)?
2, 3
Let r(u) = -6*u - 2. Let n be r(2). Let y = -4 - n. What are the prime factors of y?
2, 5
Suppose 5*x - 333 = -4*x. List the prime factors of x.
37
Suppose 7*t - 4*t = 39. Let m = 18 - t. List the prime factors of m.
5
Let w be 121/4 + (-3)/12. Let l = w + -17. List the prime factors of l.
13
Let n be ((-10)/6)/((-25)/90). Suppose n*f = -4*p + f + 53, -2*f = -p + 10. What are the prime factors of p?
2, 3
Suppose -3*i + 10 = -m - 2, 3*i + 4*m = -3. Let u(y) = -y**3 + 7*y**2 - 6*y. Let q be u(6). Suppose -i*x + q*x + 21 = 0. What are the prime factors of x?
7
Let j(o) = 2*o**3 - 14*o**2 - 7*o - 8. What are the prime factors of j(8)?
2
Let s be 1/(-4) - 27/(-12). Suppose s = l - 13. What are the prime factors of l?
3, 5
Suppose -5*q = -0*b - 3*b + 109, 3*q - 5*b = -75. Let p be 2/(-5) + (-188)/q. What are the prime factors of (8/(-12))/((-2)/p)?
3
What are the prime factors of ((-51)/15)/(2/(-10))?
17
Let w = 462 - 199. List the prime factors of w.
263
Let h be (2 - (-6)/(-4))*0. Suppose 4*m = -5*y + 3, -4*y - 3*m + 0 + 3 = h. What are the prime factors of y?
3
Let y be (-4 - -3)*(-1 + -1). Suppose -2*q + 10 = -y. What are the prime factors of q?
2, 3
Suppose -5 = 2*m - 2*w - 23, 9 = -3*w. Let x = 3 - m. What are the prime factors of (-40)/(-3) - x/(-9)?
13
Let t(o) be the first derivative of -o**4/4 - 2*o**3 + 4*o - 1. Let g be t(-6). Suppose 14 = i + g. What are the prime factors of i?
2, 5
Suppose -5*m + 2*m = 12. Let p(j) = -2*j - 3. Let o be p(m). Suppose o*q - 22 = -2*k + 7, -6 = -2*q. List the prime factors of k.
7
Let b = -6 - -7. List the prime factors of (b - -2) + (2 - 0).
5
Let c(t) = -t. Let d be c(-4). Suppose d*n + 8 = -5*u + 228, 5*n = -4*u + 266. List the prime factors of (18/(-10))/((-15)/n).
2, 3
Let c be (1/3)/((-6)/(-414)). Suppose r - c = -2*h, 4*h + 10 = -5*r + 95. List the prime factors of r.
13
Suppose -3*w = -2*c - 0*c, 2*w - 32 = -4*c. Suppose 5*x = -c + 101. What are the prime factors of x?
19
Let z(u) = 4*u - 8. Let h be z(7). Let d = -2 + h. List the prime factors of d.
2, 3
Let f = -190 - -237. List the prime factors of f.
47
Let v(c) = c**2 - 4*c - 1. Suppose 4*d + 14 = 2*x, 4*x + 6*d - d - 2 = 0. Suppose 0 = x*a - 15. List the prime factors of v(a).
2
Suppose 2*m = 27 + 19. Let i = -6 + m. List the prime factors of i.
17
Suppose 0 = 4*r + 4*x - 1536, 0 = -2*r + 6*r + 3*x - 1531. List the pr